{"id":203,"date":"2020-08-02T22:25:15","date_gmt":"2020-08-02T22:25:15","guid":{"rendered":"https:\/\/www.gruascampeche.com\/?page_id=203"},"modified":"2020-08-02T22:50:36","modified_gmt":"2020-08-02T22:50:36","slug":"unidades","status":"publish","type":"page","link":"https:\/\/www.gruascampeche.com\/index.php\/unidades\/","title":{"rendered":"Unidades"},"content":{"rendered":"\t\t<div data-elementor-type=\"wp-page\" data-elementor-id=\"203\" class=\"elementor elementor-203\" data-elementor-settings=\"[]\">\n\t\t\t\t\t\t<div class=\"elementor-inner\">\n\t\t\t\t\t\t\t<div class=\"elementor-section-wrap\">\n\t\t\t\t\t\t\t<section class=\"elementor-section elementor-top-section elementor-element elementor-element-544ef6c elementor-section-stretched elementor-section-full_width elementor-section-height-default elementor-section-height-default\" data-id=\"544ef6c\" data-element_type=\"section\" data-settings=\"{&quot;stretch_section&quot;:&quot;section-stretched&quot;,&quot;background_background&quot;:&quot;classic&quot;}\">\n\t\t\t\t\t\t<div class=\"elementor-container elementor-column-gap-default\">\n\t\t\t\t\t\t\t<div class=\"elementor-row\">\n\t\t\t\t\t<div class=\"elementor-column elementor-col-33 elementor-top-column elementor-element elementor-element-761e04f\" data-id=\"761e04f\" data-element_type=\"column\">\n\t\t\t<div class=\"elementor-column-wrap elementor-element-populated\">\n\t\t\t\t\t\t\t<div class=\"elementor-widget-wrap\">\n\t\t\t\t\t\t<div class=\"elementor-element elementor-element-b222543 elementor-widget elementor-widget-image\" data-id=\"b222543\" data-element_type=\"widget\" data-widget_type=\"image.default\">\n\t\t\t\t<div class=\"elementor-widget-container\">\n\t\t\t\t\t<div class=\"elementor-image\">\n\t\t\t\t\t\t\t\t\t\t<img width=\"752\" height=\"790\" src=\"https:\/\/www.gruascampeche.com\/wp-content\/uploads\/2020\/08\/Recurso-1.png\" class=\"attachment-full size-full\" alt=\"\" loading=\"lazy\" srcset=\"https:\/\/www.gruascampeche.com\/wp-content\/uploads\/2020\/08\/Recurso-1.png 752w, https:\/\/www.gruascampeche.com\/wp-content\/uploads\/2020\/08\/Recurso-1-286x300.png 286w\" sizes=\"(max-width: 752px) 100vw, 752px\" \/>\t\t\t\t\t\t\t\t\t\t\t<\/div>\n\t\t\t\t<\/div>\n\t\t\t\t<\/div>\n\t\t\t\t\t\t<\/div>\n\t\t\t\t\t<\/div>\n\t\t<\/div>\n\t\t\t\t<div class=\"elementor-column elementor-col-66 elementor-top-column elementor-element elementor-element-08619a5\" data-id=\"08619a5\" data-element_type=\"column\">\n\t\t\t<div class=\"elementor-column-wrap elementor-element-populated\">\n\t\t\t\t\t\t\t<div class=\"elementor-widget-wrap\">\n\t\t\t\t\t\t<section class=\"elementor-section elementor-inner-section elementor-element elementor-element-9e19887 elementor-section-boxed elementor-section-height-default elementor-section-height-default\" data-id=\"9e19887\" data-element_type=\"section\">\n\t\t\t\t\t\t<div class=\"elementor-container elementor-column-gap-default\">\n\t\t\t\t\t\t\t<div class=\"elementor-row\">\n\t\t\t\t\t<div class=\"elementor-column elementor-col-33 elementor-inner-column elementor-element elementor-element-83e17eb\" data-id=\"83e17eb\" data-element_type=\"column\">\n\t\t\t<div class=\"elementor-column-wrap elementor-element-populated\">\n\t\t\t\t\t\t\t<div class=\"elementor-widget-wrap\">\n\t\t\t\t\t\t<div class=\"elementor-element elementor-element-bded9b7 elementor-widget elementor-widget-image\" data-id=\"bded9b7\" data-element_type=\"widget\" data-widget_type=\"image.default\">\n\t\t\t\t<div class=\"elementor-widget-container\">\n\t\t\t\t\t<div class=\"elementor-image\">\n\t\t\t\t\t\t\t\t\t\t<img src=\"https:\/\/www.gruascampeche.com\/wp-content\/uploads\/elementor\/thumbs\/Recurso-2-otfjtdtkdbgnvj1temlbkiuhn6204ctsczaocff4rs.png\" title=\"Recurso 2\" alt=\"Recurso 2\" \/>\t\t\t\t\t\t\t\t\t\t\t<\/div>\n\t\t\t\t<\/div>\n\t\t\t\t<\/div>\n\t\t\t\t\t\t<\/div>\n\t\t\t\t\t<\/div>\n\t\t<\/div>\n\t\t\t\t<div class=\"elementor-column elementor-col-66 elementor-inner-column elementor-element elementor-element-45a035a\" data-id=\"45a035a\" data-element_type=\"column\">\n\t\t\t<div class=\"elementor-column-wrap elementor-element-populated\">\n\t\t\t\t\t\t\t<div class=\"elementor-widget-wrap\">\n\t\t\t\t\t\t<div class=\"elementor-element elementor-element-85562b3 elementor-widget elementor-widget-text-editor\" data-id=\"85562b3\" data-element_type=\"widget\" data-widget_type=\"text-editor.default\">\n\t\t\t\t<div class=\"elementor-widget-container\">\n\t\t\t\t\t<div class=\"elementor-text-editor elementor-clearfix\"><p><strong>GR\u00daA PLATAFORMA MEDIA<\/strong><\/p><p>Se utiliza para proporcionar el servicio de arrastre de unidades motrices como montacargas, o maquinaria en general.<\/p><\/div>\n\t\t\t\t<\/div>\n\t\t\t\t<\/div>\n\t\t\t\t\t\t<\/div>\n\t\t\t\t\t<\/div>\n\t\t<\/div>\n\t\t\t\t\t\t\t\t<\/div>\n\t\t\t\t\t<\/div>\n\t\t<\/section>\n\t\t\t\t<section class=\"elementor-section elementor-inner-section elementor-element elementor-element-88e3153 elementor-section-boxed elementor-section-height-default elementor-section-height-default\" data-id=\"88e3153\" data-element_type=\"section\">\n\t\t\t\t\t\t<div class=\"elementor-container elementor-column-gap-default\">\n\t\t\t\t\t\t\t<div class=\"elementor-row\">\n\t\t\t\t\t<div class=\"elementor-column elementor-col-33 elementor-inner-column elementor-element elementor-element-a73b557\" data-id=\"a73b557\" data-element_type=\"column\">\n\t\t\t<div class=\"elementor-column-wrap elementor-element-populated\">\n\t\t\t\t\t\t\t<div class=\"elementor-widget-wrap\">\n\t\t\t\t\t\t<div class=\"elementor-element elementor-element-d36b65f elementor-widget elementor-widget-image\" data-id=\"d36b65f\" data-element_type=\"widget\" data-widget_type=\"image.default\">\n\t\t\t\t<div class=\"elementor-widget-container\">\n\t\t\t\t\t<div class=\"elementor-image\">\n\t\t\t\t\t\t\t\t\t\t<img src=\"https:\/\/www.gruascampeche.com\/wp-content\/uploads\/elementor\/thumbs\/Recurso-3-otfjt78p1h7nm9bdh1qxl2i9hgyfmh3o02q9zhovzc.png\" title=\"Recurso 3\" alt=\"Recurso 3\" \/>\t\t\t\t\t\t\t\t\t\t\t<\/div>\n\t\t\t\t<\/div>\n\t\t\t\t<\/div>\n\t\t\t\t\t\t<\/div>\n\t\t\t\t\t<\/div>\n\t\t<\/div>\n\t\t\t\t<div class=\"elementor-column elementor-col-66 elementor-inner-column elementor-element elementor-element-0cac9ef\" data-id=\"0cac9ef\" data-element_type=\"column\">\n\t\t\t<div class=\"elementor-column-wrap elementor-element-populated\">\n\t\t\t\t\t\t\t<div class=\"elementor-widget-wrap\">\n\t\t\t\t\t\t<div class=\"elementor-element elementor-element-4166db3 elementor-widget elementor-widget-text-editor\" data-id=\"4166db3\" data-element_type=\"widget\" data-widget_type=\"text-editor.default\">\n\t\t\t\t<div class=\"elementor-widget-container\">\n\t\t\t\t\t<div class=\"elementor-text-editor elementor-clearfix\"><p><strong>GR\u00daA DE REMOLQUE PESADO <\/strong><\/p><p>Para el salvamento y traslado de veh\u00edculos de gran tama\u00f1o: Camiones, Rabones, Tortons, Pipas y Tracto camiones con uno o dos remolques.<\/p><\/div>\n\t\t\t\t<\/div>\n\t\t\t\t<\/div>\n\t\t\t\t\t\t<\/div>\n\t\t\t\t\t<\/div>\n\t\t<\/div>\n\t\t\t\t\t\t\t\t<\/div>\n\t\t\t\t\t<\/div>\n\t\t<\/section>\n\t\t\t\t<section class=\"elementor-section elementor-inner-section elementor-element elementor-element-3a7674f elementor-section-boxed elementor-section-height-default elementor-section-height-default\" data-id=\"3a7674f\" data-element_type=\"section\">\n\t\t\t\t\t\t<div class=\"elementor-container elementor-column-gap-default\">\n\t\t\t\t\t\t\t<div class=\"elementor-row\">\n\t\t\t\t\t<div class=\"elementor-column elementor-col-33 elementor-inner-column elementor-element elementor-element-fcfede8\" data-id=\"fcfede8\" data-element_type=\"column\">\n\t\t\t<div class=\"elementor-column-wrap elementor-element-populated\">\n\t\t\t\t\t\t\t<div class=\"elementor-widget-wrap\">\n\t\t\t\t\t\t<div class=\"elementor-element elementor-element-31adcbe elementor-widget elementor-widget-image\" data-id=\"31adcbe\" data-element_type=\"widget\" data-widget_type=\"image.default\">\n\t\t\t\t<div class=\"elementor-widget-container\">\n\t\t\t\t\t<div class=\"elementor-image\">\n\t\t\t\t\t\t\t\t\t\t<img src=\"https:\/\/www.gruascampeche.com\/wp-content\/uploads\/elementor\/thumbs\/Recurso-4-pozmlmfd665mqxgq37n3p1zh83k83m1bjr27tk5c6g.png\" title=\"Recurso 4\" alt=\"Recurso 4\" \/>\t\t\t\t\t\t\t\t\t\t\t<\/div>\n\t\t\t\t<\/div>\n\t\t\t\t<\/div>\n\t\t\t\t\t\t<\/div>\n\t\t\t\t\t<\/div>\n\t\t<\/div>\n\t\t\t\t<div class=\"elementor-column elementor-col-66 elementor-inner-column elementor-element elementor-element-8dfe828\" data-id=\"8dfe828\" data-element_type=\"column\">\n\t\t\t<div class=\"elementor-column-wrap elementor-element-populated\">\n\t\t\t\t\t\t\t<div class=\"elementor-widget-wrap\">\n\t\t\t\t\t\t<div class=\"elementor-element elementor-element-4dff2de elementor-widget elementor-widget-text-editor\" data-id=\"4dff2de\" data-element_type=\"widget\" data-widget_type=\"text-editor.default\">\n\t\t\t\t<div class=\"elementor-widget-container\">\n\t\t\t\t\t<div class=\"elementor-text-editor elementor-clearfix\"><p><strong>GR\u00daA PLATAFORMA LIGERA<\/strong><\/p><p>Se utiliza para proporcionar el servicio de arrastre de unidades motrices como autom\u00f3viles, pick ups, motocicletas y\/o veh\u00edculos menores a 3.5 tons.<\/p><\/div>\n\t\t\t\t<\/div>\n\t\t\t\t<\/div>\n\t\t\t\t\t\t<\/div>\n\t\t\t\t\t<\/div>\n\t\t<\/div>\n\t\t\t\t\t\t\t\t<\/div>\n\t\t\t\t\t<\/div>\n\t\t<\/section>\n\t\t\t\t<section class=\"elementor-section elementor-inner-section elementor-element elementor-element-22ec6fe elementor-section-boxed elementor-section-height-default elementor-section-height-default\" data-id=\"22ec6fe\" data-element_type=\"section\">\n\t\t\t\t\t\t<div class=\"elementor-container elementor-column-gap-default\">\n\t\t\t\t\t\t\t<div class=\"elementor-row\">\n\t\t\t\t\t<div class=\"elementor-column elementor-col-33 elementor-inner-column elementor-element elementor-element-bd4f51f\" data-id=\"bd4f51f\" data-element_type=\"column\">\n\t\t\t<div class=\"elementor-column-wrap elementor-element-populated\">\n\t\t\t\t\t\t\t<div class=\"elementor-widget-wrap\">\n\t\t\t\t\t\t<div class=\"elementor-element elementor-element-e48854f elementor-widget elementor-widget-image\" data-id=\"e48854f\" data-element_type=\"widget\" data-widget_type=\"image.default\">\n\t\t\t\t<div class=\"elementor-widget-container\">\n\t\t\t\t\t<div class=\"elementor-image\">\n\t\t\t\t\t\t\t\t\t\t<img src=\"https:\/\/www.gruascampeche.com\/wp-content\/uploads\/elementor\/thumbs\/Recurso-5-pozmllhizc4cfbi38p8h4k80mpouvwxl7meqca6qco.png\" title=\"Recurso 5\" alt=\"Recurso 5\" \/>\t\t\t\t\t\t\t\t\t\t\t<\/div>\n\t\t\t\t<\/div>\n\t\t\t\t<\/div>\n\t\t\t\t\t\t<\/div>\n\t\t\t\t\t<\/div>\n\t\t<\/div>\n\t\t\t\t<div class=\"elementor-column elementor-col-66 elementor-inner-column elementor-element elementor-element-189de68\" data-id=\"189de68\" data-element_type=\"column\">\n\t\t\t<div class=\"elementor-column-wrap elementor-element-populated\">\n\t\t\t\t\t\t\t<div class=\"elementor-widget-wrap\">\n\t\t\t\t\t\t<div class=\"elementor-element elementor-element-8c0f84e elementor-widget elementor-widget-text-editor\" data-id=\"8c0f84e\" data-element_type=\"widget\" data-widget_type=\"text-editor.default\">\n\t\t\t\t<div class=\"elementor-widget-container\">\n\t\t\t\t\t<div class=\"elementor-text-editor elementor-clearfix\"><p><strong>GR\u00daA SALVAMENTO LIGERO<\/strong><\/p><p>Para salvamento y traslado de veh\u00edculos o camiones de hasta 3.5 Tons.<\/p><\/div>\n\t\t\t\t<\/div>\n\t\t\t\t<\/div>\n\t\t\t\t\t\t<\/div>\n\t\t\t\t\t<\/div>\n\t\t<\/div>\n\t\t\t\t\t\t\t\t<\/div>\n\t\t\t\t\t<\/div>\n\t\t<\/section>\n\t\t\t\t\t\t<\/div>\n\t\t\t\t\t<\/div>\n\t\t<\/div>\n\t\t\t\t\t\t\t\t<\/div>\n\t\t\t\t\t<\/div>\n\t\t<\/section>\n\t\t\t\t\t\t<\/div>\n\t\t\t\t\t\t<\/div>\n\t\t\t\t\t<\/div>\n\t\t","protected":false},"excerpt":{"rendered":"<p>GR\u00daA PLATAFORMA MEDIA Se utiliza para proporcionar el servicio de arrastre de unidades motrices como montacargas, o maquinaria en general. GR\u00daA DE REMOLQUE PESADO Para el salvamento y traslado de veh\u00edculos de gran tama\u00f1o: Camiones, Rabones, Tortons, Pipas y Tracto camiones con uno o dos remolques. GR\u00daA PLATAFORMA LIGERA Se utiliza para proporcionar el servicio [&hellip;]<\/p>\n","protected":false},"author":1,"featured_media":0,"parent":0,"menu_order":0,"comment_status":"closed","ping_status":"closed","template":"","meta":[],"yoast_head":"<!-- This site is optimized with the Yoast SEO plugin v15.7 - https:\/\/yoast.com\/wordpress\/plugins\/seo\/ -->\n<title>Gr\u00faas campeche<\/title>\n<meta name=\"description\" content=\"Brindamos servicios de gr\u00faas de arrastre, salvamento y auxilio vial a todo tipo de veh\u00edculos, con los equipos adecuados y un personal altamente comprometido y especializado.\" \/>\n<meta name=\"robots\" content=\"index, follow, max-snippet:-1, max-image-preview:large, max-video-preview:-1\" \/>\n<link rel=\"canonical\" href=\"https:\/\/www.gruascampeche.com\/index.php\/unidades\/\" \/>\n<meta property=\"og:locale\" content=\"es_ES\" \/>\n<meta property=\"og:type\" content=\"article\" \/>\n<meta property=\"og:title\" content=\"Gr\u00faas campeche\" \/>\n<meta property=\"og:description\" content=\"Brindamos servicios de gr\u00faas de arrastre, salvamento y auxilio vial a todo tipo de veh\u00edculos, con los equipos adecuados y un personal altamente comprometido y especializado.\" \/>\n<meta property=\"og:url\" content=\"https:\/\/www.gruascampeche.com\/index.php\/unidades\/\" \/>\n<meta property=\"article:modified_time\" content=\"2020-08-02T22:50:36+00:00\" \/>\n<meta property=\"og:image\" content=\"https:\/\/www.gruascampeche.com\/wp-content\/uploads\/2020\/08\/Recurso-1.png\" \/>\n<meta name=\"twitter:card\" content=\"summary_large_image\" \/>\n<script type=\"application\/ld+json\" class=\"yoast-schema-graph\">{\"@context\":\"https:\/\/schema.org\",\"@graph\":[{\"@type\":\"WebSite\",\"@id\":\"https:\/\/www.gruascampeche.com\/#website\",\"url\":\"https:\/\/www.gruascampeche.com\/\",\"name\":\"\",\"description\":\"\",\"potentialAction\":[{\"@type\":\"SearchAction\",\"target\":\"https:\/\/www.gruascampeche.com\/?s={search_term_string}\",\"query-input\":\"required name=search_term_string\"}],\"inLanguage\":\"es\"},{\"@type\":\"ImageObject\",\"@id\":\"https:\/\/www.gruascampeche.com\/index.php\/unidades\/#primaryimage\",\"inLanguage\":\"es\",\"url\":\"https:\/\/www.gruascampeche.com\/wp-content\/uploads\/2020\/08\/Recurso-1.png\",\"width\":752,\"height\":790},{\"@type\":\"WebPage\",\"@id\":\"https:\/\/www.gruascampeche.com\/index.php\/unidades\/#webpage\",\"url\":\"https:\/\/www.gruascampeche.com\/index.php\/unidades\/\",\"name\":\"Gr\\u00faas campeche\",\"isPartOf\":{\"@id\":\"https:\/\/www.gruascampeche.com\/#website\"},\"primaryImageOfPage\":{\"@id\":\"https:\/\/www.gruascampeche.com\/index.php\/unidades\/#primaryimage\"},\"datePublished\":\"2020-08-02T22:25:15+00:00\",\"dateModified\":\"2020-08-02T22:50:36+00:00\",\"description\":\"Brindamos servicios de gr\\u00faas de arrastre, salvamento y auxilio vial a todo tipo de veh\\u00edculos, con los equipos adecuados y un personal altamente comprometido y especializado.\",\"inLanguage\":\"es\",\"potentialAction\":[{\"@type\":\"ReadAction\",\"target\":[\"https:\/\/www.gruascampeche.com\/index.php\/unidades\/\"]}]}]}<\/script>\n<!-- \/ Yoast SEO plugin. -->","_links":{"self":[{"href":"https:\/\/www.gruascampeche.com\/index.php\/wp-json\/wp\/v2\/pages\/203"}],"collection":[{"href":"https:\/\/www.gruascampeche.com\/index.php\/wp-json\/wp\/v2\/pages"}],"about":[{"href":"https:\/\/www.gruascampeche.com\/index.php\/wp-json\/wp\/v2\/types\/page"}],"author":[{"embeddable":true,"href":"https:\/\/www.gruascampeche.com\/index.php\/wp-json\/wp\/v2\/users\/1"}],"replies":[{"embeddable":true,"href":"https:\/\/www.gruascampeche.com\/index.php\/wp-json\/wp\/v2\/comments?post=203"}],"version-history":[{"count":5,"href":"https:\/\/www.gruascampeche.com\/index.php\/wp-json\/wp\/v2\/pages\/203\/revisions"}],"predecessor-version":[{"id":218,"href":"https:\/\/www.gruascampeche.com\/index.php\/wp-json\/wp\/v2\/pages\/203\/revisions\/218"}],"wp:attachment":[{"href":"https:\/\/www.gruascampeche.com\/index.php\/wp-json\/wp\/v2\/media?parent=203"}],"curies":[{"name":"wp","href":"https:\/\/api.w.org\/{rel}","templated":true}]}}